{"id":461,"date":"2022-11-27T12:53:52","date_gmt":"2022-11-27T12:53:52","guid":{"rendered":"http:\/\/localhost\/veduta16\/?page_id=461"},"modified":"2022-12-16T11:12:22","modified_gmt":"2022-12-16T11:12:22","slug":"entardecer-com-contos","status":"publish","type":"page","link":"https:\/\/veduta.aoficina.pt\/16\/entardecer-com-contos\/","title":{"rendered":"Entardecer com contos"},"content":{"rendered":"<p>Reatar a caminhada. Este foi o mote do projeto que recupera o patrim\u00f3nio de narra\u00e7\u00e3o oral em Guimar\u00e3es para a Casa da Mem\u00f3ria e faz lembrar as cumplicidades desenvolvidas no passado.<\/p>\n<p class=\"indent\">Era em casa onde se contavam os melhores contos, \u00e0 volta do lume, em fam\u00edlia, em comunidade, com lentid\u00e3o. Ent\u00e3o ocupamos o exterior debaixo da parreira, para aproveitar o calor que despontava e depois pusemos mesas bonitas, com o maior esmero, tudo para trazer para a Casa narra\u00e7\u00f5es de outros tempos e com todas as pessoas curiosas partilhar.<\/p>\n<p class=\"indent\">Pela m\u00e3o de Ant\u00f3nio Fontinha, outras vozes se juntaram. A descoberta fez parte deste projeto. Assim como a investiga\u00e7\u00e3o e como o arquivo deste patrim\u00f3nio oral. Estes contos ficaram para sempre serem encontrados num lugar que \u00e9 n\u00e3o para olhos, mas para ouvidos: o Reposit\u00f3rio da Casa da Mem\u00f3ria.<br \/>\nAs mem\u00f3rias que perduram do momento de ouvir contar hist\u00f3rias, indiciam os caminhos que estes entardeceres quiseram explorar. O desafio \u00e9 ancestral: perpetuar o encanto de um ato imaterial que preserva o imagin\u00e1rio tradicional. A ocidente, esse ato tem vindo a ser redescoberto noutros contextos, como o da Casa da Mem\u00f3ria.<\/p>\n<p>O mote do primeiro entardecer foi ent\u00e3o o de recuperar cumplicidades desenvolvidas com o Servi\u00e7o Educativo do Centro Cultural Vila Flor, numa programa\u00e7\u00e3o criada para Guimar\u00e3es 2012 Capital Europeia da Cultura.<\/p>\n<p class=\"indent\">Na Casa da Mem\u00f3ria, escutamos Ant\u00f3nio Fontinha, o narrador que coordenou as Hist\u00f3rias do Princ\u00edpio do Mundo, e Joaquim Mendes Teixeira, o anfitri\u00e3o do Ser\u00e3o de Contos de Prazins &#8211; Santa Euf\u00e9mia. O primeiro, com uma carreira profissional de mais de 25 anos, o segundo, genu\u00edno detentor de um legado que partilha com gosto.<\/p>\n<p class=\"indent\">Os contos tradicionais, narrados nesse entardecer, v\u00eam referenciados no cat\u00e1logo portugu\u00eas como pertencendo aos tipos ATU 157C* (Escondendo-se do homem), ATU 563 (A mesa, o burro e o pau) e ATU 298 (Competi\u00e7\u00e3o entre o vento e o sol).<\/p>\n<div class=\"sounds-wrapper entardecer\">\r\n<div class=\"player ten\">\r\n\t\r\n<audio src=\"https:\/\/veduta.aoficina.pt\/sons\/entardecer\/maio.mp3\"><\/audio>\r\n<div class=\"controls\">\r\n    <span class=\"play\" aria-hidden=\"true\">(play)<\/span>\r\n\t<span class=\"pause\" aria-hidden=\"true\">(stop)<\/span>\r\n<\/div>\r\n<div class=\"time\">\r\n<span class=\"minutes\">59:51<\/span>\r\n<\/div>\r\n<div class=\"title\">\r\n<span class=\"title-audio\"><\/span>\r\n<\/div>\r\n<\/div>\r\n<\/div>\n<p>&nbsp;<\/p>\n<p>O mote do segundo entardecer foi o mundo rural. Em setembro, nos afazeres da ruralidade, destacou-se a vindima e, na nossa cultura, o vinho ocupa um lugar de destaque, surgindo recorrentemente em m\u00faltiplas narrativas de tradi\u00e7\u00e3o oral.<\/p>\n<p class=\"indent\">Os contos tradicionais narrados nesse entardecer v\u00eam referenciados no cat\u00e1logo portugu\u00eas como pertencendo aos tipos Car-Co 1405*B (O fantasma bebe vinho), ATU 1450 (A rapariga tola) e ATU 106 (As vozes dos animais).<\/p>\n<div class=\"sounds-wrapper entardecer\">\r\n<div class=\"player eleven\">\r\n<audio src=\"https:\/\/veduta.aoficina.pt\/sons\/entardecer\/setembro.mp3\"><\/audio>\r\n<div class=\"controls\">\r\n    <span class=\"play\" aria-hidden=\"true\">(play)<\/span>\r\n\t<span class=\"pause\" aria-hidden=\"true\">(stop)<\/span>\r\n<\/div>\r\n<div class=\"time\">\r\n<span class=\"minutes\">01:10:42<\/span>\r\n<\/div>\r\n<div class=\"title\">\r\n<span class=\"title-audio\"><\/span>\r\n<\/div>\r\n<\/div>\r\n<\/div>\n<p>&nbsp;<\/p>\n<p>O mote do terceiro entardecer foi a transforma\u00e7\u00e3o. A F\u00e1brica P\u00e1tria transformou-se em Casa da Mem\u00f3ria e, nos contos tradicionais, a metamorfose \u00e9 a caracter\u00edstica dos mais prestigiados Contos Maravilhosos.<\/p>\n<p class=\"indent\">Os contos tradicionais narrados nesse entardecer v\u00eam referenciados no cat\u00e1logo portugu\u00eas como pertencendo aos tipos ATU 1169 (A troca de cabe\u00e7as), ATU 1373A (A mulher com fastio), ATU 425A (O noivo animal), ATU 1336A (O homem que n\u00e3o reconhece o seu reflexo) e Ca-Ch 921J (Aprender at\u00e9 morrer).<\/p>\n<div class=\"sounds-wrapper entardecer\">\r\n<div class=\"player twelve\">\r\n<audio src=\"https:\/\/veduta.aoficina.pt\/sons\/entardecer\/dezembro.mp3\"><\/audio>\r\n<div class=\"controls\">\r\n    <span class=\"play\" aria-hidden=\"true\">(play)<\/span>\r\n\t<span class=\"pause\" aria-hidden=\"true\">(stop)<\/span>\r\n<\/div>\r\n<div class=\"time\">\r\n<span class=\"minutes\">01:15:15<\/span>\r\n<\/div>\r\n<div class=\"title\">\r\n<span class=\"title-audio\"><\/span>\r\n<\/div>\r\n<\/div>\r\n<\/div>\n","protected":false},"excerpt":{"rendered":"<p>Reatar a caminhada. Este foi o mote do projeto que recupera o patrim\u00f3nio de narra\u00e7\u00e3o oral em Guimar\u00e3es para a Casa da Mem\u00f3ria e faz lembrar as cumplicidades desenvolvidas no passado. Era em casa onde se contavam os melhores contos, \u00e0 volta do lume, em fam\u00edlia, em comunidade, com lentid\u00e3o. Ent\u00e3o ocupamos o exterior debaixo &hellip; <a href=\"https:\/\/veduta.aoficina.pt\/16\/entardecer-com-contos\/\">Continued<\/a><\/p>\n","protected":false},"author":2,"featured_media":0,"parent":0,"menu_order":0,"comment_status":"closed","ping_status":"closed","template":"templates\/tpl-veduta16.php","meta":{"footnotes":""},"class_list":["post-461","page","type-page","status-publish","hentry"],"acf":[],"yoast_head":"<!-- This site is optimized with the Yoast SEO plugin v19.11 - https:\/\/yoast.com\/wordpress\/plugins\/seo\/ -->\n<title>Veduta 16<\/title>\n<meta name=\"robots\" content=\"index, follow, max-snippet:-1, max-image-preview:large, max-video-preview:-1\" \/>\n<link rel=\"canonical\" href=\"https:\/\/veduta.aoficina.pt\/16\/entardecer-com-contos\/\" \/>\n<meta property=\"og:locale\" content=\"pt_PT\" \/>\n<meta property=\"og:type\" content=\"article\" \/>\n<meta property=\"og:title\" content=\"Veduta 16\" \/>\n<meta property=\"og:description\" content=\"Reatar a caminhada. Este foi o mote do projeto que recupera o patrim\u00f3nio de narra\u00e7\u00e3o oral em Guimar\u00e3es para a Casa da Mem\u00f3ria e faz lembrar as cumplicidades desenvolvidas no passado. Era em casa onde se contavam os melhores contos, \u00e0 volta do lume, em fam\u00edlia, em comunidade, com lentid\u00e3o. Ent\u00e3o ocupamos o exterior debaixo &hellip; Continued\" \/>\n<meta property=\"og:url\" content=\"https:\/\/veduta.aoficina.pt\/16\/entardecer-com-contos\/\" \/>\n<meta property=\"og:site_name\" content=\"Veduta 16\" \/>\n<meta property=\"article:modified_time\" content=\"2022-12-16T11:12:22+00:00\" \/>\n<meta name=\"twitter:card\" content=\"summary_large_image\" \/>\n<meta name=\"twitter:label1\" content=\"Tempo estimado de leitura\" \/>\n\t<meta name=\"twitter:data1\" content=\"3 minutos\" \/>\n<script type=\"application\/ld+json\" class=\"yoast-schema-graph\">{\"@context\":\"https:\/\/schema.org\",\"@graph\":[{\"@type\":\"WebPage\",\"@id\":\"https:\/\/veduta.aoficina.pt\/16\/entardecer-com-contos\/\",\"url\":\"https:\/\/veduta.aoficina.pt\/16\/entardecer-com-contos\/\",\"name\":\"Veduta 16\",\"isPartOf\":{\"@id\":\"https:\/\/veduta.aoficina.pt\/16\/#website\"},\"datePublished\":\"2022-11-27T12:53:52+00:00\",\"dateModified\":\"2022-12-16T11:12:22+00:00\",\"breadcrumb\":{\"@id\":\"https:\/\/veduta.aoficina.pt\/16\/entardecer-com-contos\/#breadcrumb\"},\"inLanguage\":\"pt-PT\",\"potentialAction\":[{\"@type\":\"ReadAction\",\"target\":[\"https:\/\/veduta.aoficina.pt\/16\/entardecer-com-contos\/\"]}]},{\"@type\":\"BreadcrumbList\",\"@id\":\"https:\/\/veduta.aoficina.pt\/16\/entardecer-com-contos\/#breadcrumb\",\"itemListElement\":[{\"@type\":\"ListItem\",\"position\":1,\"name\":\"In\u00edcio\",\"item\":\"https:\/\/veduta.aoficina.pt\/16\/\"},{\"@type\":\"ListItem\",\"position\":2,\"name\":\"Entardecer com contos\"}]},{\"@type\":\"WebSite\",\"@id\":\"https:\/\/veduta.aoficina.pt\/16\/#website\",\"url\":\"https:\/\/veduta.aoficina.pt\/16\/\",\"name\":\"Veduta 16\",\"description\":\"\",\"publisher\":{\"@id\":\"https:\/\/veduta.aoficina.pt\/16\/#organization\"},\"potentialAction\":[{\"@type\":\"SearchAction\",\"target\":{\"@type\":\"EntryPoint\",\"urlTemplate\":\"https:\/\/veduta.aoficina.pt\/16\/?s={search_term_string}\"},\"query-input\":\"required name=search_term_string\"}],\"inLanguage\":\"pt-PT\"},{\"@type\":\"Organization\",\"@id\":\"https:\/\/veduta.aoficina.pt\/16\/#organization\",\"name\":\"Veduta 16\",\"url\":\"https:\/\/veduta.aoficina.pt\/16\/\",\"logo\":{\"@type\":\"ImageObject\",\"inLanguage\":\"pt-PT\",\"@id\":\"https:\/\/veduta.aoficina.pt\/16\/#\/schema\/logo\/image\/\",\"url\":\"https:\/\/veduta.aoficina.pt\/16\/wp-content\/uploads\/2022\/12\/Grupo-399.png\",\"contentUrl\":\"https:\/\/veduta.aoficina.pt\/16\/wp-content\/uploads\/2022\/12\/Grupo-399.png\",\"width\":3016,\"height\":1884,\"caption\":\"Veduta 16\"},\"image\":{\"@id\":\"https:\/\/veduta.aoficina.pt\/16\/#\/schema\/logo\/image\/\"}}]}<\/script>\n<!-- \/ Yoast SEO plugin. -->","yoast_head_json":{"title":"Veduta 16","robots":{"index":"index","follow":"follow","max-snippet":"max-snippet:-1","max-image-preview":"max-image-preview:large","max-video-preview":"max-video-preview:-1"},"canonical":"https:\/\/veduta.aoficina.pt\/16\/entardecer-com-contos\/","og_locale":"pt_PT","og_type":"article","og_title":"Veduta 16","og_description":"Reatar a caminhada. Este foi o mote do projeto que recupera o patrim\u00f3nio de narra\u00e7\u00e3o oral em Guimar\u00e3es para a Casa da Mem\u00f3ria e faz lembrar as cumplicidades desenvolvidas no passado. Era em casa onde se contavam os melhores contos, \u00e0 volta do lume, em fam\u00edlia, em comunidade, com lentid\u00e3o. Ent\u00e3o ocupamos o exterior debaixo &hellip; Continued","og_url":"https:\/\/veduta.aoficina.pt\/16\/entardecer-com-contos\/","og_site_name":"Veduta 16","article_modified_time":"2022-12-16T11:12:22+00:00","twitter_card":"summary_large_image","twitter_misc":{"Tempo estimado de leitura":"3 minutos"},"schema":{"@context":"https:\/\/schema.org","@graph":[{"@type":"WebPage","@id":"https:\/\/veduta.aoficina.pt\/16\/entardecer-com-contos\/","url":"https:\/\/veduta.aoficina.pt\/16\/entardecer-com-contos\/","name":"Veduta 16","isPartOf":{"@id":"https:\/\/veduta.aoficina.pt\/16\/#website"},"datePublished":"2022-11-27T12:53:52+00:00","dateModified":"2022-12-16T11:12:22+00:00","breadcrumb":{"@id":"https:\/\/veduta.aoficina.pt\/16\/entardecer-com-contos\/#breadcrumb"},"inLanguage":"pt-PT","potentialAction":[{"@type":"ReadAction","target":["https:\/\/veduta.aoficina.pt\/16\/entardecer-com-contos\/"]}]},{"@type":"BreadcrumbList","@id":"https:\/\/veduta.aoficina.pt\/16\/entardecer-com-contos\/#breadcrumb","itemListElement":[{"@type":"ListItem","position":1,"name":"In\u00edcio","item":"https:\/\/veduta.aoficina.pt\/16\/"},{"@type":"ListItem","position":2,"name":"Entardecer com contos"}]},{"@type":"WebSite","@id":"https:\/\/veduta.aoficina.pt\/16\/#website","url":"https:\/\/veduta.aoficina.pt\/16\/","name":"Veduta 16","description":"","publisher":{"@id":"https:\/\/veduta.aoficina.pt\/16\/#organization"},"potentialAction":[{"@type":"SearchAction","target":{"@type":"EntryPoint","urlTemplate":"https:\/\/veduta.aoficina.pt\/16\/?s={search_term_string}"},"query-input":"required name=search_term_string"}],"inLanguage":"pt-PT"},{"@type":"Organization","@id":"https:\/\/veduta.aoficina.pt\/16\/#organization","name":"Veduta 16","url":"https:\/\/veduta.aoficina.pt\/16\/","logo":{"@type":"ImageObject","inLanguage":"pt-PT","@id":"https:\/\/veduta.aoficina.pt\/16\/#\/schema\/logo\/image\/","url":"https:\/\/veduta.aoficina.pt\/16\/wp-content\/uploads\/2022\/12\/Grupo-399.png","contentUrl":"https:\/\/veduta.aoficina.pt\/16\/wp-content\/uploads\/2022\/12\/Grupo-399.png","width":3016,"height":1884,"caption":"Veduta 16"},"image":{"@id":"https:\/\/veduta.aoficina.pt\/16\/#\/schema\/logo\/image\/"}}]}},"_links":{"self":[{"href":"https:\/\/veduta.aoficina.pt\/16\/wp-json\/wp\/v2\/pages\/461","targetHints":{"allow":["GET"]}}],"collection":[{"href":"https:\/\/veduta.aoficina.pt\/16\/wp-json\/wp\/v2\/pages"}],"about":[{"href":"https:\/\/veduta.aoficina.pt\/16\/wp-json\/wp\/v2\/types\/page"}],"author":[{"embeddable":true,"href":"https:\/\/veduta.aoficina.pt\/16\/wp-json\/wp\/v2\/users\/2"}],"replies":[{"embeddable":true,"href":"https:\/\/veduta.aoficina.pt\/16\/wp-json\/wp\/v2\/comments?post=461"}],"version-history":[{"count":6,"href":"https:\/\/veduta.aoficina.pt\/16\/wp-json\/wp\/v2\/pages\/461\/revisions"}],"predecessor-version":[{"id":808,"href":"https:\/\/veduta.aoficina.pt\/16\/wp-json\/wp\/v2\/pages\/461\/revisions\/808"}],"wp:attachment":[{"href":"https:\/\/veduta.aoficina.pt\/16\/wp-json\/wp\/v2\/media?parent=461"}],"curies":[{"name":"wp","href":"https:\/\/api.w.org\/{rel}","templated":true}]}}